 c be r(-16). Suppose -c*y + 173 + 82 = 0. Is y a composite number?
True
Is -12 + 2783 - (0 - 6) composite?
False
Let m = 28409 + -16348. Is m prime?
False
Let k be 13/2 - (-9)/(-6). Suppose -23 + 3 = -k*a. Suppose -r = a*r - 65. Is r a prime number?
True
Suppose -3*n + 54 = -0*n. Let g = n - 13. Suppose 291 = g*f - 2*f. Is f a prime number?
True
Suppose 35*y - 49*y = -172466. Is y composite?
True
Let p(c) = 15195*c - 53. Is p(2) a prime number?
False
Let s = -244 - -1082. Suppose 4*q - 1410 = s. Is q composite?
True
Let x(h) = 35 - 3*h + 19*h + 24. Is x(20) a composite number?
False
Let m be 6*(-4)/(24/9). Let l = 9 + m. Suppose l = 4*i - 17 - 347. Is i prime?
False
Let r be (-34)/10 + 4 + 17/5. Suppose -w - 5*t + 282 = 0, -2*t - 931 = -7*w + r*w. Is w a prime number?
True
Suppose -4*a - 1962 = -o - 85353, 5*a = -4*o + 104265. Is a prime?
True
Let b = 7 + 1. Suppose 9*x - x = -880. Let a = b - x. Is a a composite number?
True
Is (19 + -11)*61496/32 prime?
False
Let v = -5673 + 54320. Is v a prime number?
True
Let o = -18 + 28. Suppose -8*t + 6 = -o*t. Is (-1770)/(-2) + (-6)/t a prime number?
True
Suppose 1692 = 9*k - 8*k. Suppose -208 = 4*l - k. Is l prime?
False
Suppose -5*u + 4*k = -23401 - 37814, 12272 = u + 5*k. Is u prime?
False
Suppose -2*o + 0*o = -5484. Let q = 3859 - o. Is q a composite number?
False
Let s be -150*(7/(-63) - (-454)/36). Let t = 3698 + s. Is t composite?
False
Let o(j) be the first derivative of -j**6/120 + 11*j**5/60 + j**4/4 - 4*j**3/3 + 3*j**2/2 + 8. Let n(t) be the second derivative of o(t). Is n(11) prime?
False
Let y = -7971 + 11270. Is y composite?
False
Suppose -6*f = 5*h - 5*f - 646047, 4*f - 387635 = -3*h. Is h a prime number?
True
Let i(d) = d - 5. Let v be i(12). Suppose -r = -72 + v. Is r composite?
True
Let o = -6 - -3. Let s be (0/(-1))/(6/o). Suppose 0 = -s*r - 2*r - 3*l + 128, -3*r + 3*l = -207. Is r composite?
False
Let x be 9 + 1 + (1 - 3). Let b be (x/(-12))/((-2)/537). Let l = b + -96. Is l prime?
True
Suppose -2*r = 3*d - 18257, 0 = 4*r + 4*d - 7*d - 36505. Is r a composite number?
False
Is 29059 + 0 + -1 + 3 + -2 prime?
True
Suppose -19*c + 10962 = -11667. Is c a composite number?
True
Suppose 9*m - 24858 = 3*m. Is m composite?
True
Let j be 16/12 - (-13868)/(-6). Let x = -1405 - j. Is x a composite number?
True
Let s be 0 + 0 + (-213 - -7). Let p = s + 493. Is p a prime number?
False
Is ((-5879402)/(-1336))/(10/8 + -1) composite?
True
Let y(n) = -30*n + 11. Let d(h) be the second derivative of -29*h**3/6 + 11*h**2/2 + 2*h. Let m(v) = -2*d(v) + 3*y(v). Is m(-9) prime?
False
Let r be (-261 - -5)/(-8) - 2*1. Is 0 + 1120 - (r + -25) a prime number?
False
Suppose -6*d = 3*d - 860445. Is d a prime number?
False
Let w(r) = 2116*r + 589. Is w(7) a prime number?
True
Suppose 6*z - 10 = z. Suppose -3*o - 4*x = -20, -5*o = -2*x - z*x + 20. Suppose 3*j - 515 - 244 = o. Is j prime?
False
Let p be ((-4)/(-2))/((-2)/(-21)). Let r(o) = -o**3 - p*o + 2 + 24*o + 1. Is r(-5) composite?
False
Suppose -2*j + 5*l = -33226, -4*j - 5*l = -0*l - 66392. Is j prime?
True
Let g(h) = -319*h - 2. Let c be -1*1*6 - (-7 + 4). Is g(c) a prime number?
False
Let q(m) = m**3 + 4*m**2 + 3. Let v be q(-5). Let s = -325 + -422. Is s/(-2) + 11/v prime?
True
Suppose 2*r + 2 = 10. Suppose 4*a = -8, 0 = 4*q + r*a - 0*a + 152. Let d = q - -57. Is d prime?
False
Suppose 3*z = 4*z. Suppose z = 4*k + 4*t - 2196, 3*t - 2199 = -k - 3*k. Suppose -4*a - 44 = -k. Is a prime?
True
Suppose 0 = -5*r - 170 + 4475. Suppose 3*z + 3*x - 8487 = 0, -3*x = -z - r + 3706. Is z prime?
True
Let o = -3145 + 9504. Is o a prime number?
True
Let r = 26 + -24. Let c be r/9 + 370/(-45). Let y(a) = -85*a + 3. Is y(c) a prime number?
True
Suppose -2*m + 3*z - 2220 = m, -z + 1478 = -2*m. Let w = 443 - m. Is w a prime number?
True
Suppose 0 = -3*d - 15. Let r = d + 5. Suppose -n + 184 - 53 = r. Is n a composite number?
False
Let g(b) be the first derivative of -b**4/12 + 5*b**3/3 - 4*b**2 - 7*b + 2. Let u(v) be the first derivative of g(v). Is u(7) a prime number?
True
Let u be -1*((-4 - -2) + 1). Let x(z) = 247*z**2 + 4*z + 3. Let w(b) = 3*b**2 + b + 1. Let o(a) = -3*w(a) + x(a). Is o(u) composite?
False
Suppose 3*v - 3*s = 32547, -2*v + 13*s + 21688 = 16*s. Is v composite?
False
Is (-28)/(-42)*18/(-4) + 91258 composite?
True
Let k(m) be the third derivative of -635*m**4/24 - 11*m**3/6 - 18*m**2. Is k(-2) a prime number?
True
Suppose 123*h + 300948 = 135*h. Is h a composite number?
True
Let x(g) = -g**2 + 49*g - 65. Is x(23) prime?
False
Let y = 47259 - 19136. Is y composite?
False
Let d = -1332 - -3835. Is d a composite number?
False
Let a(m) = 22*m**3 - 3*m**2 + m. Let q be a(2). Let i = 192 + q. Is i a prime number?
False
Suppose -3*q + 8*q = 45. Suppose -q*d - 52 = -13*d. Is d a composite number?
False
Let f(v) = -209*v**2 - 2*v + 1. Let l be f(-2). Is ((-1)/((-1)/3))/((-3)/l) a composite number?
True
Let y = -30 - -32. Let t(p) = -p**y - 4 - 5*p**2 + 10*p + 7*p**2 + 2. Is t(8) a composite number?
True
Let i(s) = 2*s**3 - 5*s**2 + 8*s + 1. Let z be (-10)/60 + 74/12. Is i(z) prime?
False
Let f = -3442 - -1927. Let c = 2324 + f. Is c prime?
True
Let p be 2744 + -1 + 9*4/18. Let y = 114 + p. Is y a composite number?
True
Let g(d) = 2*d**2 + 10 + 37*d**2 + 6 + 5*d**3 - 6 - 27*d. Let m(h) = -2*h**3 - 19*h**2 + 13*h - 5. Let l(i) = -3*g(i) - 7*m(i). Is l(14) composite?
False
Suppose 3*p - 4 = 5. Suppose -3*d + 3 = -3. Suppose 288 = p*h - d*y, 9*h - 479 = 4*h + 3*y. Is h prime?
False
Suppose -2*b = -g - 2, -2*g + 4 = -3*b - 4*g. Is 106 + b*(-3)/(-12) a composite number?
True
Let l(g) = g**3 - 3*g**2 + g + 3098. Is l(0) prime?
False
Let m = 474 + -314. Suppose 21*y - 2988 = -15*y. Let x = m - y. Is x prime?
False
Suppose -2*j + 41 - 13 = 0. Suppose -j + 99 = 5*x. Suppose 0 = 13*h - x*h + 844. Is h a prime number?
True
Let i(v) = 24*v**3 - v**2 + 2*v. Let l(p) be the first derivative of -p**2/2 - p - 5. Let z(f) = -i(f) - l(f). Is z(-2) composite?
False
Is 2/(0 + -1) + (-8695)/(-47) composite?
True
Suppose 5*h = 5*c - 8285, c + 2*c + 5*h = 4971. Is c prime?
True
Suppose n - 186 = -7*o + 2*o, -5*n = -3*o + 106. Suppose 0 = -3*p - 2*l - 0*l - 17, -56 = 4*p - 4*l. Is o + (p*1)/3 prime?
False
Let k = 180 + -51. Suppose 0*m - 155 = 4*f + m, 2*f = -m - 75. Let n = f + k. Is n a composite number?
False
Let l = 10147 - -1914. Suppose 6*u = 1937 + l. Is u a composite number?
False
Let o(l) = 2*l + 1. Let r be o(2). Let v be r + -2 + (1 - 2). Is 153 - 2/v - 3 prime?
True
Let k be ((-16)/5)/((-2)/10). Let q be (-3006)/12*k/(-6). Let j = q + -403. Is j a prime number?
False
Let p(h) = h + 1. Let x be p(1). Suppose -x*v - 170 = 44. Let n = v - -218. Is n prime?
False
Let l(q) = 3*q + 12. Let c(x) = -9*x - 36. Let f(b) = 2*c(b) + 7*l(b). Let u be f(5). Suppose h - 676 + u = 0. Is h composite?
True
Let k be 35/11 + 4/(-22). Suppose -5*c = k*h - 32, c + h - 4 = 2. Suppose -2*l - 305 = -c*l - 2*j, -44 = -l + 3*j. Is l a prime number?
True
Suppose -2*o = 4*f + 28, 3*f - 53 = 8*f - 2*o. Is (-2356)/f - 10/(-45) a composite number?
True
Let r = -1627 + 4454. Is r a composite number?
True
Suppose 4*m = 2*m + 154. Let l be (-3*(-5 - 17/(-3)))/(-1). Suppose -v + 4*h = -m, 5*v - l*h + 3*h - 490 = 0. Is v prime?
True
Let b be (-5)/3 - (22/(-6) + 3). Is -3*(-1 + 2)*19*b a prime number?
False
Let x(m) = -347*m + 13. Is x(-8) prime?
True
Suppose -2*q - 3*o = -4*o + 30, -2*q + 3*o = 38. Let a = q + 4. Let b = a + 16. Is b composite?
False
Suppose -5*g - 3*h - 4 = 0, g + 12 = -2*g + 3*h. Let u be g - -6 - (-1 + 3). Suppose u*r = -r - 3*d + 357, 5*d = -2*r + 238. Is r composite?
True
Suppose 6 = 8*j - 18. Suppose -2*p + 0*d + 308 = 2*d, 0 = -j*p + 2*d + 437. Is p a prime number?
True
Let f(y) be the second derivative of -62*y**3/3 + 5*y**2/2 - 5*y. Is f(-2) prime?
False
Let f = 2024 - 1169. Let r = 2218 - f. Is r a composite number?
True
Let o = -918 + 2012. Let w = o + 117. Is w composite?
True
Let a(c) = 71*c**2 - c - 99. Is a(-11) composite?
True
Suppose 0*g = 2*g - 12. Let w be -58 + -5 + g/(-2). Let o = -20 - w. Is o a composite number?
True
Let a(y) = 0*y**3 - y**3 + 6*y + 4 - 8*y**2 - 11*y. Let z(p) = p**2 - 1. Let x(w) = a(w) + 3*z(w). Is x(-6) composite?
False
Let x be (0 - (-1 - -1)) + 12